{"id":37,"date":"2023-02-08T12:05:10","date_gmt":"2023-02-08T15:05:10","guid":{"rendered":"https:\/\/oquefazerembalneariocamboriu.com\/?page_id=37"},"modified":"2024-02-23T12:23:10","modified_gmt":"2024-02-23T15:23:10","slug":"tudo-sobre-balneario-camboriu-voce-encontra-aqui","status":"publish","type":"page","link":"https:\/\/mestresdaweb.store\/portalplus\/","title":{"rendered":"Site Pronto para Portal de Not\u00edcias"},"content":{"rendered":"Balne\u00e1rio Cambori\u00fa, com sua exuberante paisagem costeira, \u00e9 um dos destinos mais encantadores do Brasil. Aninhada entre o Oceano Atl\u00e2ntico e as montanhas da Mata Atl\u00e2ntica, esta joia catarinense atrai viajantes de todo o mundo em busca de praias de areias douradas, \u00e1guas cristalinas e uma vida noturna vibrante. Nesse para\u00edso, os hot\u00e9is beira-mar desempenham &hellip;<p class=\"read-more\"> <a class=\"\" href=\"https:\/\/mestresdaweb.store\/portalplus\/hoteis-a-beira-mar-em-balneario-camboriu\/\"> <span class=\"screen-reader-text\">Ref\u00fagios \u00e0 Beira-Mar: A Magia dos Hot\u00e9is em Balne\u00e1rio Cambori\u00fa<\/span> Leia mais &raquo;<\/a><\/p> \t\t<div class=\"woocommerce\">\n\t\t\t<div class=\"woocommerce-info wc-memberships-restriction-message wc-memberships-message wc-memberships-content-restricted-message\">\n\t\t\t\tPara acessar este post, voc\u00ea deve adquirir <span class=\"wc-memberships-products-grant-access\"><a href=\"https:\/\/mestresdaweb.store\/portalplus\/produto\/clube-de-assinantes\/\">Clube de Assinantes<\/a><\/span>.\t\t    <\/div>\n\t\t<\/div>\n\t\t","protected":false},"excerpt":{"rendered":"<p>Balne\u00e1rio Cambori\u00fa, com sua exuberante paisagem costeira, \u00e9 um dos destinos mais encantadores do Brasil. Aninhada entre o Oceano Atl\u00e2ntico e as montanhas da Mata Atl\u00e2ntica, esta joia catarinense atrai viajantes de todo o mundo em busca de praias de areias douradas, \u00e1guas cristalinas e uma vida noturna vibrante. Nesse para\u00edso, os hot\u00e9is beira-mar desempenham &hellip;<\/p>\n<p class=\"read-more\"> <a class=\"\" href=\"https:\/\/mestresdaweb.store\/portalplus\/hoteis-a-beira-mar-em-balneario-camboriu\/\"> <span class=\"screen-reader-text\">Ref\u00fagios \u00e0 Beira-Mar: A Magia dos Hot\u00e9is em Balne\u00e1rio Cambori\u00fa<\/span> Leia mais &raquo;<\/a><\/p>\n","protected":false},"author":1,"featured_media":0,"parent":0,"menu_order":0,"comment_status":"closed","ping_status":"closed","template":"elementor_header_footer","meta":{"site-sidebar-layout":"no-sidebar","site-content-layout":"page-builder","ast-global-header-display":"","ast-main-header-display":"","ast-hfb-above-header-display":"","ast-hfb-below-header-display":"","ast-hfb-mobile-header-display":"","site-post-title":"disabled","ast-breadcrumbs-content":"","ast-featured-img":"disabled","footer-sml-layout":"","theme-transparent-header-meta":"","adv-header-id-meta":"","stick-header-meta":"","header-above-stick-meta":"","header-main-stick-meta":"","header-below-stick-meta":"","footnotes":""},"class_list":["post-37","page","type-page","status-publish","hentry"],"yoast_head":"<!-- This site is optimized with the Yoast SEO plugin v22.7 - https:\/\/yoast.com\/wordpress\/plugins\/seo\/ -->\n<title>Site Pronto para Portal de Not\u00edcias - G+ Portal de Not\u00edcias<\/title>\n<meta name=\"robots\" content=\"index, follow, max-snippet:-1, max-image-preview:large, max-video-preview:-1\" \/>\n<link rel=\"canonical\" href=\"https:\/\/mestresdaweb.store\/portalplus\/\" \/>\n<meta property=\"og:locale\" content=\"pt_BR\" \/>\n<meta property=\"og:type\" content=\"article\" \/>\n<meta property=\"og:title\" content=\"Site Pronto para Portal de Not\u00edcias - G+ Portal de Not\u00edcias\" \/>\n<meta property=\"og:description\" content=\"Balne\u00e1rio Cambori\u00fa, com sua exuberante paisagem costeira, \u00e9 um dos destinos mais encantadores do Brasil. Aninhada entre o Oceano Atl\u00e2ntico e as montanhas da Mata Atl\u00e2ntica, esta joia catarinense atrai viajantes de todo o mundo em busca de praias de areias douradas, \u00e1guas cristalinas e uma vida noturna vibrante. Nesse para\u00edso, os hot\u00e9is beira-mar desempenham &hellip; Ref\u00fagios \u00e0 Beira-Mar: A Magia dos Hot\u00e9is em Balne\u00e1rio Cambori\u00fa Leia mais &raquo;\" \/>\n<meta property=\"og:url\" content=\"https:\/\/mestresdaweb.store\/portalplus\/\" \/>\n<meta property=\"og:site_name\" content=\"G+ Portal de Not\u00edcias\" \/>\n<meta property=\"article:modified_time\" content=\"2024-02-23T15:23:10+00:00\" \/>\n<meta property=\"og:image\" content=\"https:\/\/mestresdaweb.store\/portalplus\/wp-content\/uploads\/2023\/02\/banner-top.jpg\" \/>\n<meta name=\"twitter:card\" content=\"summary_large_image\" \/>\n<meta name=\"twitter:label1\" content=\"Est. tempo de leitura\" \/>\n\t<meta name=\"twitter:data1\" content=\"27 minutos\" \/>\n<script type=\"application\/ld+json\" class=\"yoast-schema-graph\">{\"@context\":\"https:\/\/schema.org\",\"@graph\":[{\"@type\":\"WebPage\",\"@id\":\"https:\/\/mestresdaweb.store\/portalplus\/\",\"url\":\"https:\/\/mestresdaweb.store\/portalplus\/\",\"name\":\"Site Pronto para Portal de Not\u00edcias - G+ Portal de Not\u00edcias\",\"isPartOf\":{\"@id\":\"https:\/\/mestresdaweb.store\/portalplus\/#website\"},\"primaryImageOfPage\":{\"@id\":\"https:\/\/mestresdaweb.store\/portalplus\/#primaryimage\"},\"image\":{\"@id\":\"https:\/\/mestresdaweb.store\/portalplus\/#primaryimage\"},\"thumbnailUrl\":\"https:\/\/mestresdaweb.store\/portalplus\/wp-content\/uploads\/2023\/02\/banner-top.jpg\",\"datePublished\":\"2023-02-08T15:05:10+00:00\",\"dateModified\":\"2024-02-23T15:23:10+00:00\",\"breadcrumb\":{\"@id\":\"https:\/\/mestresdaweb.store\/portalplus\/#breadcrumb\"},\"inLanguage\":\"pt-BR\",\"potentialAction\":[{\"@type\":\"ReadAction\",\"target\":[\"https:\/\/mestresdaweb.store\/portalplus\/\"]}]},{\"@type\":\"ImageObject\",\"inLanguage\":\"pt-BR\",\"@id\":\"https:\/\/mestresdaweb.store\/portalplus\/#primaryimage\",\"url\":\"https:\/\/mestresdaweb.store\/portalplus\/wp-content\/uploads\/2023\/02\/banner-top.jpg\",\"contentUrl\":\"https:\/\/mestresdaweb.store\/portalplus\/wp-content\/uploads\/2023\/02\/banner-top.jpg\",\"width\":1600,\"height\":310},{\"@type\":\"BreadcrumbList\",\"@id\":\"https:\/\/mestresdaweb.store\/portalplus\/#breadcrumb\",\"itemListElement\":[{\"@type\":\"ListItem\",\"position\":1,\"name\":\"In\u00edcio\",\"item\":\"https:\/\/mestresdaweb.store\/portalplus\/\"},{\"@type\":\"ListItem\",\"position\":2,\"name\":\"Site Pronto para Portal de Not\u00edcias\"}]},{\"@type\":\"WebSite\",\"@id\":\"https:\/\/mestresdaweb.store\/portalplus\/#website\",\"url\":\"https:\/\/mestresdaweb.store\/portalplus\/\",\"name\":\"G+ Portal de Not\u00edcias\",\"description\":\"Site Pronto para Portal de Not\u00edcias estilo G1\",\"publisher\":{\"@id\":\"https:\/\/mestresdaweb.store\/portalplus\/#organization\"},\"potentialAction\":[{\"@type\":\"SearchAction\",\"target\":{\"@type\":\"EntryPoint\",\"urlTemplate\":\"https:\/\/mestresdaweb.store\/portalplus\/?s={search_term_string}\"},\"query-input\":\"required name=search_term_string\"}],\"inLanguage\":\"pt-BR\"},{\"@type\":\"Organization\",\"@id\":\"https:\/\/mestresdaweb.store\/portalplus\/#organization\",\"name\":\"G+ Portal de Not\u00edcias\",\"url\":\"https:\/\/mestresdaweb.store\/portalplus\/\",\"logo\":{\"@type\":\"ImageObject\",\"inLanguage\":\"pt-BR\",\"@id\":\"https:\/\/mestresdaweb.store\/portalplus\/#\/schema\/logo\/image\/\",\"url\":\"https:\/\/oquefazerembalneariocamboriu.com\/wp-content\/uploads\/2023\/02\/o-que-fazer-em-balneario-camboriu.jpg\",\"contentUrl\":\"https:\/\/oquefazerembalneariocamboriu.com\/wp-content\/uploads\/2023\/02\/o-que-fazer-em-balneario-camboriu.jpg\",\"width\":1200,\"height\":675,\"caption\":\"G+ Portal de Not\u00edcias\"},\"image\":{\"@id\":\"https:\/\/mestresdaweb.store\/portalplus\/#\/schema\/logo\/image\/\"}}]}<\/script>\n<!-- \/ Yoast SEO plugin. -->","yoast_head_json":{"title":"Site Pronto para Portal de Not\u00edcias - G+ Portal de Not\u00edcias","robots":{"index":"index","follow":"follow","max-snippet":"max-snippet:-1","max-image-preview":"max-image-preview:large","max-video-preview":"max-video-preview:-1"},"canonical":"https:\/\/mestresdaweb.store\/portalplus\/","og_locale":"pt_BR","og_type":"article","og_title":"Site Pronto para Portal de Not\u00edcias - G+ Portal de Not\u00edcias","og_description":"Balne\u00e1rio Cambori\u00fa, com sua exuberante paisagem costeira, \u00e9 um dos destinos mais encantadores do Brasil. Aninhada entre o Oceano Atl\u00e2ntico e as montanhas da Mata Atl\u00e2ntica, esta joia catarinense atrai viajantes de todo o mundo em busca de praias de areias douradas, \u00e1guas cristalinas e uma vida noturna vibrante. Nesse para\u00edso, os hot\u00e9is beira-mar desempenham &hellip; Ref\u00fagios \u00e0 Beira-Mar: A Magia dos Hot\u00e9is em Balne\u00e1rio Cambori\u00fa Leia mais &raquo;","og_url":"https:\/\/mestresdaweb.store\/portalplus\/","og_site_name":"G+ Portal de Not\u00edcias","article_modified_time":"2024-02-23T15:23:10+00:00","og_image":[{"url":"https:\/\/mestresdaweb.store\/portalplus\/wp-content\/uploads\/2023\/02\/banner-top.jpg"}],"twitter_card":"summary_large_image","twitter_misc":{"Est. tempo de leitura":"27 minutos"},"schema":{"@context":"https:\/\/schema.org","@graph":[{"@type":"WebPage","@id":"https:\/\/mestresdaweb.store\/portalplus\/","url":"https:\/\/mestresdaweb.store\/portalplus\/","name":"Site Pronto para Portal de Not\u00edcias - G+ Portal de Not\u00edcias","isPartOf":{"@id":"https:\/\/mestresdaweb.store\/portalplus\/#website"},"primaryImageOfPage":{"@id":"https:\/\/mestresdaweb.store\/portalplus\/#primaryimage"},"image":{"@id":"https:\/\/mestresdaweb.store\/portalplus\/#primaryimage"},"thumbnailUrl":"https:\/\/mestresdaweb.store\/portalplus\/wp-content\/uploads\/2023\/02\/banner-top.jpg","datePublished":"2023-02-08T15:05:10+00:00","dateModified":"2024-02-23T15:23:10+00:00","breadcrumb":{"@id":"https:\/\/mestresdaweb.store\/portalplus\/#breadcrumb"},"inLanguage":"pt-BR","potentialAction":[{"@type":"ReadAction","target":["https:\/\/mestresdaweb.store\/portalplus\/"]}]},{"@type":"ImageObject","inLanguage":"pt-BR","@id":"https:\/\/mestresdaweb.store\/portalplus\/#primaryimage","url":"https:\/\/mestresdaweb.store\/portalplus\/wp-content\/uploads\/2023\/02\/banner-top.jpg","contentUrl":"https:\/\/mestresdaweb.store\/portalplus\/wp-content\/uploads\/2023\/02\/banner-top.jpg","width":1600,"height":310},{"@type":"BreadcrumbList","@id":"https:\/\/mestresdaweb.store\/portalplus\/#breadcrumb","itemListElement":[{"@type":"ListItem","position":1,"name":"In\u00edcio","item":"https:\/\/mestresdaweb.store\/portalplus\/"},{"@type":"ListItem","position":2,"name":"Site Pronto para Portal de Not\u00edcias"}]},{"@type":"WebSite","@id":"https:\/\/mestresdaweb.store\/portalplus\/#website","url":"https:\/\/mestresdaweb.store\/portalplus\/","name":"G+ Portal de Not\u00edcias","description":"Site Pronto para Portal de Not\u00edcias estilo G1","publisher":{"@id":"https:\/\/mestresdaweb.store\/portalplus\/#organization"},"potentialAction":[{"@type":"SearchAction","target":{"@type":"EntryPoint","urlTemplate":"https:\/\/mestresdaweb.store\/portalplus\/?s={search_term_string}"},"query-input":"required name=search_term_string"}],"inLanguage":"pt-BR"},{"@type":"Organization","@id":"https:\/\/mestresdaweb.store\/portalplus\/#organization","name":"G+ Portal de Not\u00edcias","url":"https:\/\/mestresdaweb.store\/portalplus\/","logo":{"@type":"ImageObject","inLanguage":"pt-BR","@id":"https:\/\/mestresdaweb.store\/portalplus\/#\/schema\/logo\/image\/","url":"https:\/\/oquefazerembalneariocamboriu.com\/wp-content\/uploads\/2023\/02\/o-que-fazer-em-balneario-camboriu.jpg","contentUrl":"https:\/\/oquefazerembalneariocamboriu.com\/wp-content\/uploads\/2023\/02\/o-que-fazer-em-balneario-camboriu.jpg","width":1200,"height":675,"caption":"G+ Portal de Not\u00edcias"},"image":{"@id":"https:\/\/mestresdaweb.store\/portalplus\/#\/schema\/logo\/image\/"}}]}},"_links":{"self":[{"href":"https:\/\/mestresdaweb.store\/portalplus\/wp-json\/wp\/v2\/pages\/37","targetHints":{"allow":["GET"]}}],"collection":[{"href":"https:\/\/mestresdaweb.store\/portalplus\/wp-json\/wp\/v2\/pages"}],"about":[{"href":"https:\/\/mestresdaweb.store\/portalplus\/wp-json\/wp\/v2\/types\/page"}],"author":[{"embeddable":true,"href":"https:\/\/mestresdaweb.store\/portalplus\/wp-json\/wp\/v2\/users\/1"}],"replies":[{"embeddable":true,"href":"https:\/\/mestresdaweb.store\/portalplus\/wp-json\/wp\/v2\/comments?post=37"}],"version-history":[{"count":161,"href":"https:\/\/mestresdaweb.store\/portalplus\/wp-json\/wp\/v2\/pages\/37\/revisions"}],"predecessor-version":[{"id":538,"href":"https:\/\/mestresdaweb.store\/portalplus\/wp-json\/wp\/v2\/pages\/37\/revisions\/538"}],"wp:attachment":[{"href":"https:\/\/mestresdaweb.store\/portalplus\/wp-json\/wp\/v2\/media?parent=37"}],"curies":[{"name":"wp","href":"https:\/\/api.w.org\/{rel}","templated":true}]}}