{"id":17,"date":"2023-03-30T11:27:28","date_gmt":"2023-03-30T14:27:28","guid":{"rendered":"https:\/\/mestresdaweb.store\/hospedaplus\/?post_type=product&#038;p=17"},"modified":"2023-04-22T09:50:49","modified_gmt":"2023-04-22T12:50:49","slug":"morada-das-aguas-balneario","status":"publish","type":"product","link":"https:\/\/mestresdaweb.store\/hospedaplus\/imovel\/morada-das-aguas-balneario\/","title":{"rendered":"Edif\u00edcio Imperatriz, AP2602"},"content":{"rendered":"<p>O apartamento est\u00e1 localizado na Avenida Atl\u00e2ntica em Balne\u00e1rio Cambori\u00fa, no 26\u00ba andar, possui 4 su\u00edtes e duas sacadas com vista ampla de toda a praia. Com mob\u00edlia de alto padr\u00e3o, o apartamento acomoda at\u00e9 10 pessoas com muito conforto e eleg\u00e2ncia. Os ambientes s\u00e3o amplos e bem iluminados, com decora\u00e7\u00e3o sofisticada e equipamentos modernos, como ar-condicionado, TV de tela plana e acesso \u00e0 internet. A localiza\u00e7\u00e3o privilegiada oferece f\u00e1cil acesso a bares, restaurantes, lojas e atra\u00e7\u00f5es tur\u00edsticas da regi\u00e3o. \u00c9 uma op\u00e7\u00e3o ideal para quem busca luxo, conforto e uma vista espetacular da praia de Balne\u00e1rio Cambori\u00fa.<\/p>\n<p>Conta com:<br \/>\n1 &#8211; Su\u00edte com cama de casal, tv, ar condicionado e sacada com vista para toda praia de Baln\u00e9ario Cambori\u00fa<br \/>\n1 &#8211; Su\u00edte com duas camas solteiro e ar condicionado<br \/>\n1 &#8211; Su\u00edte com duas camas solteiro e ar condicionado<br \/>\n1 &#8211; Su\u00edte com duas camas solteiro + 2 colch\u00f5es de solteiro e ar condicionado<br \/>\nSala de estar e jantar com Tv e Wi-Fi<br \/>\nSacada com vista ampla de toda praia<br \/>\nCozinha completa<br \/>\n\u00c1rea de servi\u00e7o com m\u00e1quina de lavar<\/p>\n","protected":false},"excerpt":{"rendered":"<p>O apartamento est\u00e1 localizado na Avenida Atl\u00e2ntica em Balne\u00e1rio Cambori\u00fa, no 26\u00ba andar, possui 4 su\u00edtes e duas sacadas com vista ampla de toda a praia. Com mob\u00edlia de alto padr\u00e3o, o apartamento acomoda at\u00e9 10 pessoas com muito conforto e eleg\u00e2ncia. Os ambientes s\u00e3o amplos e bem iluminados, com decora\u00e7\u00e3o sofisticada e equipamentos modernos, &hellip;<\/p>\n<p class=\"read-more\"> <a class=\"\" href=\"https:\/\/mestresdaweb.store\/hospedaplus\/imovel\/morada-das-aguas-balneario\/\"> <span class=\"screen-reader-text\">Edif\u00edcio Imperatriz, AP2602<\/span> Leia mais &raquo;<\/a><\/p>\n","protected":false},"featured_media":327,"comment_status":"open","ping_status":"closed","template":"","meta":{"_acf_changed":false,"site-sidebar-layout":"default","site-content-layout":"default","ast-global-header-display":"","ast-main-header-display":"","ast-hfb-above-header-display":"","ast-hfb-below-header-display":"","ast-hfb-mobile-header-display":"","site-post-title":"","ast-breadcrumbs-content":"","ast-featured-img":"","footer-sml-layout":"","theme-transparent-header-meta":"default","adv-header-id-meta":"","stick-header-meta":"","header-above-stick-meta":"","header-main-stick-meta":"","header-below-stick-meta":""},"product_cat":[16],"product_tag":[],"class_list":["post-17","product","type-product","status-publish","has-post-thumbnail","hentry","product_cat-casas","desktop-align-left","tablet-align-left","mobile-align-left"],"acf":[],"_links":{"self":[{"href":"https:\/\/mestresdaweb.store\/hospedaplus\/wp-json\/wp\/v2\/product\/17","targetHints":{"allow":["GET"]}}],"collection":[{"href":"https:\/\/mestresdaweb.store\/hospedaplus\/wp-json\/wp\/v2\/product"}],"about":[{"href":"https:\/\/mestresdaweb.store\/hospedaplus\/wp-json\/wp\/v2\/types\/product"}],"replies":[{"embeddable":true,"href":"https:\/\/mestresdaweb.store\/hospedaplus\/wp-json\/wp\/v2\/comments?post=17"}],"wp:featuredmedia":[{"embeddable":true,"href":"https:\/\/mestresdaweb.store\/hospedaplus\/wp-json\/wp\/v2\/media\/327"}],"wp:attachment":[{"href":"https:\/\/mestresdaweb.store\/hospedaplus\/wp-json\/wp\/v2\/media?parent=17"}],"wp:term":[{"taxonomy":"product_cat","embeddable":true,"href":"https:\/\/mestresdaweb.store\/hospedaplus\/wp-json\/wp\/v2\/product_cat?post=17"},{"taxonomy":"product_tag","embeddable":true,"href":"https:\/\/mestresdaweb.store\/hospedaplus\/wp-json\/wp\/v2\/product_tag?post=17"}],"curies":[{"name":"wp","href":"https:\/\/api.w.org\/{rel}","templated":true}]}}