{"id":15,"date":"2023-03-30T11:25:50","date_gmt":"2023-03-30T14:25:50","guid":{"rendered":"https:\/\/mestresdaweb.store\/hospedaplus\/?post_type=product&#038;p=15"},"modified":"2023-04-22T08:23:39","modified_gmt":"2023-04-22T11:23:39","slug":"residencia-pollosea","status":"publish","type":"product","link":"https:\/\/mestresdaweb.store\/hospedaplus\/imovel\/residencia-pollosea\/","title":{"rendered":"Edif\u00edcio Marques de Olinda, AP1102, Frente mar"},"content":{"rendered":"<p>Apartamento com vista privilegiada de toda praia central de Balne\u00e1rio Cambori\u00fa. Voc\u00ea estar\u00e1 na melhor localiza\u00e7\u00e3o, pr\u00f3ximo dos melhores bares, restaurantes e pontos tur\u00edsticos da cidade.<\/p>\n<p>Conta com:<br \/>\n1 &#8211; Su\u00edte com cama de casal, tv e ar condicionado<br \/>\n1 &#8211; Dormit\u00f3rio com duas camas de solteiro + 1 colch\u00e3o de solteiro e ar condicionado<br \/>\nSala de estar com Tv e Wi-Fi<br \/>\nSala de jantar<br \/>\nSacada com churrasqueira e vista ampla de toda praia de Balne\u00e1rio Cambori\u00fa<br \/>\nCozinha completa<br \/>\n\u00c1rea de servi\u00e7o com m\u00e1quina de lavar<br \/>\nBanheiro social<br \/>\n2 vagas de garagem (ve\u00edculo de grande porte, consultar)<\/p>\n","protected":false},"excerpt":{"rendered":"<p>Apartamento com vista privilegiada de toda praia central de Balne\u00e1rio Cambori\u00fa. Voc\u00ea estar\u00e1 na melhor localiza\u00e7\u00e3o, pr\u00f3ximo dos melhores bares, restaurantes e pontos tur\u00edsticos da cidade. Conta com: 1 &#8211; Su\u00edte com cama de casal, tv e ar condicionado 1 &#8211; Dormit\u00f3rio com duas camas de solteiro + 1 colch\u00e3o de solteiro e ar condicionado &hellip;<\/p>\n<p class=\"read-more\"> <a class=\"\" href=\"https:\/\/mestresdaweb.store\/hospedaplus\/imovel\/residencia-pollosea\/\"> <span class=\"screen-reader-text\">Edif\u00edcio Marques de Olinda, AP1102, Frente mar<\/span> Leia mais &raquo;<\/a><\/p>\n","protected":false},"featured_media":336,"comment_status":"open","ping_status":"closed","template":"","meta":{"_acf_changed":false,"site-sidebar-layout":"default","site-content-layout":"default","ast-global-header-display":"","ast-main-header-display":"","ast-hfb-above-header-display":"","ast-hfb-below-header-display":"","ast-hfb-mobile-header-display":"","site-post-title":"","ast-breadcrumbs-content":"","ast-featured-img":"","footer-sml-layout":"","theme-transparent-header-meta":"default","adv-header-id-meta":"","stick-header-meta":"","header-above-stick-meta":"","header-main-stick-meta":"","header-below-stick-meta":""},"product_cat":[16],"product_tag":[],"class_list":["post-15","product","type-product","status-publish","has-post-thumbnail","hentry","product_cat-casas","desktop-align-left","tablet-align-left","mobile-align-left"],"acf":[],"_links":{"self":[{"href":"https:\/\/mestresdaweb.store\/hospedaplus\/wp-json\/wp\/v2\/product\/15","targetHints":{"allow":["GET"]}}],"collection":[{"href":"https:\/\/mestresdaweb.store\/hospedaplus\/wp-json\/wp\/v2\/product"}],"about":[{"href":"https:\/\/mestresdaweb.store\/hospedaplus\/wp-json\/wp\/v2\/types\/product"}],"replies":[{"embeddable":true,"href":"https:\/\/mestresdaweb.store\/hospedaplus\/wp-json\/wp\/v2\/comments?post=15"}],"wp:featuredmedia":[{"embeddable":true,"href":"https:\/\/mestresdaweb.store\/hospedaplus\/wp-json\/wp\/v2\/media\/336"}],"wp:attachment":[{"href":"https:\/\/mestresdaweb.store\/hospedaplus\/wp-json\/wp\/v2\/media?parent=15"}],"wp:term":[{"taxonomy":"product_cat","embeddable":true,"href":"https:\/\/mestresdaweb.store\/hospedaplus\/wp-json\/wp\/v2\/product_cat?post=15"},{"taxonomy":"product_tag","embeddable":true,"href":"https:\/\/mestresdaweb.store\/hospedaplus\/wp-json\/wp\/v2\/product_tag?post=15"}],"curies":[{"name":"wp","href":"https:\/\/api.w.org\/{rel}","templated":true}]}}